o - 5. Let p be q(c). Suppose -145 = -p*t + 44. What is the highest common divisor of t and 9?
9
Let q be 32/48 - (-356)/6. Suppose -q = -o - 4*o. What is the highest common divisor of 108 and o?
12
Let i(p) = -p**2 + 9*p - 7. Let o be i(8). Let c be (o - 15)*(-3)/3. What is the greatest common factor of c and 84?
14
Let k = 765 + -51. Calculate the highest common factor of k and 102.
102
Let r(i) = 22*i**2 + 4*i + 3. Let v(s) = -23*s**2 - 3*s - 2. Let d(a) = -4*r(a) - 5*v(a). Let n be d(-1). Calculate the highest common factor of n and 26.
26
Let r be ((-10)/3)/((-5)/45). Suppose -2*m + m + 4*q = -r, 0 = -2*m + q + 67. Calculate the greatest common factor of m and 238.
34
Let h be (-5264)/(-105) - (141/45 - 3). Calculate the highest common divisor of h and 90.
10
Let w = -20 - -43. Suppose -4*m + 111 = 5*c, -c - 4*m = -4*c + 73. Calculate the highest common divisor of w and c.
23
Let f = -1007 + 1671. What is the highest common factor of f and 249?
83
Let a(z) = 12*z + 3. Let l be a(3). Let j = 6 + l. Suppose j = 2*t + 19. Calculate the highest common factor of 13 and t.
13
Suppose 0 = -v + 3, -42*w + 39*w + 192 = v. Calculate the greatest common divisor of 7 and w.
7
Let p(m) = -m + 12. Let r be p(-11). Suppose 5*t - 78 = -r. What is the greatest common factor of 44 and t?
11
Suppose -29*y - 660 = -51*y. Let x(c) = c**2 - 3*c + 5. Let m be x(-5). Calculate the greatest common factor of y and m.
15
Suppose -71*b + 1570 = 505. What is the highest common divisor of b and 108?
3
Suppose 4*g + 5 = 305. Calculate the highest common divisor of g and 225.
75
Let t = 53 - 28. Suppose 5*p = -t, 2*z + 5*p = -3*z + 165. What is the greatest common factor of 418 and z?
38
Let q be ((-28)/49)/(-2)*35. What is the highest common divisor of q and 170?
10
Let z(j) = j**2 + 10*j + 25. Suppose 2*d = -d + u - 46, -74 = 5*d - u. Let c be z(d). What is the greatest common factor of 27 and c?
27
Suppose 4*f - 46 = -2*n + 34, 0 = -4*f - 20. Calculate the highest common factor of 100 and n.
50
Let t be (89 - 2) + (3 - 4). Let i = -66 + t. What is the highest common factor of 140 and i?
20
Let q = -65 - -230. Suppose 11*n - 6*n - 35 = 0. Suppose -g + n - 23 = -r, -r - 5*g = -10. Calculate the greatest common factor of r and q.
15
Let t(m) = -7*m + 121. Let b be t(11). What is the greatest common divisor of b and 16?
4
Let c be 7 + 3 + -4 - 1. What is the highest common factor of 25 and c?
5
Suppose 2*u + 3 - 7 = 0. Suppose u*r = 3*j - 2*r - 12, 15 = 4*j - 5*r. Let p be (-3 - j/2)*-10. Calculate the highest common divisor of 15 and p.
15
Let j be 64 - (-2)/(-2 + 24/18). What is the greatest common factor of 61 and j?
61
Let y(i) = -i + 0 + 5 - 5*i. Let w be y(2). Let u = w - -23. What is the greatest common factor of u and 40?
8
Suppose 6*d = 11*d - 50. Suppose d = 17*m - 16*m. Let g = m + 5. Calculate the greatest common divisor of 15 and g.
15
Let q(b) = -4*b**2 - 51*b - 27. Let s be q(-11). Calculate the greatest common divisor of s and 1000.
50
Suppose -6*o + 10 = 4*o. Let s be (62/(-8) - -2)*(-4)/o. What is the greatest common divisor of 92 and s?
23
Suppose 374 = 7*q - 4*q - 4*c, 0 = 3*q + 2*c - 398. What is the greatest common divisor of q and 221?
13
Let h(f) = f**3 - 7*f**2 + 7*f. Let n(k) = -2*k + 23. Let b be n(7). Let t be h(b). Let j = t - 126. Calculate the highest common factor of j and 11.
11
Let m(i) = -i**2 - 44*i + 25. Let q be m(-35). What is the greatest common divisor of q and 40?
20
Let u be -4 + (-4)/((-12)/111). Let g = -3 + u. Suppose 4*l + l - 50 = 0. Calculate the greatest common divisor of l and g.
10
Let v(k) = k. Suppose 2 - 7 = 5*i. Let x be v(i). Let o be 3 + (77 - (2 - x)). Calculate the highest common divisor of 11 and o.
11
Suppose 0*a + 4*g = 2*a - 84, 47 = a + 3*g. Calculate the greatest common factor of 66 and a.
22
Let s = 1889 + -1881. Let w(x) = -12*x. Let v be w(-3). Calculate the greatest common factor of v and s.
4
Let g = 1460 - 1420. What is the highest common divisor of 2420 and g?
20
Let o(h) = -h**2 + 38*h - 124. Let w be o(32). What is the highest common divisor of w and 85?
17
Suppose -3*t = g - 51, 3*g = 5*t - 3*t - 23. Suppose -3*x = -2*x + 5*n - t, -4*x - n = -7. What is the highest common divisor of 5 and x?
1
Suppose 5*x - 2*g = 214, -2*x = -5*g - 98 + 25. Calculate the highest common divisor of 44 and x.
44
Let i = -195 - -223. What is the greatest common factor of i and 63?
7
Suppose -12 = -5*m + 13, -5*m + 61 = v. Let r be ((v/(-2))/2)/(3/(-14)). What is the greatest common divisor of 63 and r?
21
Suppose 2*o = 3*o + 3*i - 19, 5*o - i - 63 = 0. Calculate the greatest common divisor of o and 52.
13
Let s = -74 - -78. Suppose 0 = -s*k + 15*k - 176. Calculate the greatest common divisor of 12 and k.
4
Let y = -1665 - -1753. Suppose s = -4*s + 55. What is the highest common factor of y and s?
11
Let h(s) = 8*s**2 + 18*s. Let m be h(-5). Calculate the highest common divisor of m and 90.
10
Let x be (3*32/168)/((-4)/(-3514)). Calculate the highest common factor of 2 and x.
2
Suppose -82*i + 85*i = 18. Calculate the highest common divisor of i and 4.
2
Let d be 5/(-5 - (-322)/63). Calculate the highest common divisor of d and 540.
45
Let p be (-1)/(-3) - 1524/(-18). Suppose 1 + 3 = 4*k, p = 4*w - 3*k. What is the highest common factor of w and 55?
11
Let q = 40 + -25. Let p = 60 - -281. Suppose -2*y = -2*h + 210, 0 = -4*h - 2*y + p + 79. Calculate the greatest common divisor of q and h.
15
Suppose 3*l = 3*c - 1449, 6*l - 4*l - 1914 = -4*c. Calculate the highest common divisor of c and 192.
96
Suppose 5*p + 50*p = 6600. Calculate the greatest common factor of p and 220.
20
Let c(w) = 6*w. Let a be c(6). Suppose d + 4 = 6. Suppose -d*j + 11 = -37. Calculate the greatest common divisor of j and a.
12
Let p(a) = 5*a**2 + 3*a + 6. Let i be p(-4). What is the highest common divisor of i and 259?
37
Let a be (13/5)/(21/525). Suppose -p + 0 = -1. Let w be p/3 - 77/(-3). Calculate the highest common divisor of w and a.
13
Suppose -4*l - 89 = 71. Let z be (l/25)/(1/(-5)). What is the highest common factor of z and 4?
4
Let l = -7 - -37. Let j be 32*4*(-1)/(-1). Let k be j/10 - (-28)/(-35). What is the highest common divisor of l and k?
6
Let p be (-1970)/(-35) + (-2)/7. Suppose p = d + 3*d. Let u = 20 - 6. What is the highest common factor of d and u?
14
Suppose 12*c + 1 = 11*c. Let k be (-2 + -10)/(1/c). Let n be ((-18)/30)/(2/(-20)). Calculate the highest common divisor of n and k.
6
Let v = 301 + -130. Let t = 4770 - 4751. Calculate the greatest common factor of v and t.
19
Let a(x) = 13*x**2 + 31*x + 6. Let b be a(5). What is the highest common divisor of b and 36?
18
Let b = 78 + -33. Let w = -31 + b. Suppose 7*f - 3*f - 3 = p, -5*f + 5 = -p. What is the highest common divisor of w and f?
2
Let k = 62 - 10. What is the greatest common divisor of 26 and k?
26
Let u be (168/(-20))/(6/(-200)). Let c(b) = 3*b**2 - 6*b - 4. Let k be c(8). Suppose 2*s = -3*s + k. What is the greatest common divisor of s and u?
28
Let u = -163 + 241. What is the greatest common factor of u and 52?
26
Let t(v) = v + 12. Let r be t(-7). Suppose 0 = r*p - 2*i - 88, 3*i = 5*p - 50 - 42. What is the highest common divisor of p and 128?
16
Let r = 637 + -399. What is the greatest common divisor of 136 and r?
34
Let z = -248 + 252. What is the greatest common factor of 172 and z?
4
Let j be ((-3)/(-6))/((-2)/(-1224)). Let v be (-2)/22 + (-8250)/(-242). Calculate the highest common factor of j and v.
34
Suppose -k + n + 4 = -23, -3*k + 79 = -n. Suppose 61 = 3*m - k. Calculate the highest common factor of 319 and m.
29
Let a(h) = -2*h**3 + h**2 + 10*h. Let m be a(-6). What is the highest common divisor of 24 and m?
24
Suppose 0 = -3*i - 1 + 4. Let c = -267 - -271. What is the greatest common factor of i and c?
1
Suppose 4*q = -4*i + 140, -4*q + 7*i - 6*i = -145. What is the greatest common divisor of 12 and q?
12
Let y be (18 + (-568)/(-20))*10/2. Calculate the highest common divisor of 56 and y.
8
Let l(g) = g**3 + 7*g**2 - 2*g - 5. Suppose -5*q - 5 = 20. Let a be l(q). Calculate the greatest common factor of 22 and a.
11
Let h(v) = 5*v**2 + 3*v. Let i be h(4). Suppose -55*w + 54*w - 5*l = -163, 3*w + 4*l = 434. Calculate the highest common diviso